02929 a composite number?
False
Is 4327 a prime number?
True
Is 213737 prime?
True
Is 13927 a prime number?
False
Is 2333 prime?
True
Is 25931 a composite number?
False
Is 179183 prime?
False
Is 8939 a composite number?
True
Is 117743 a prime number?
False
Is 295 a prime number?
False
Is 1426517 a composite number?
True
Is 150713 a prime number?
False
Is 78609 a composite number?
True
Is 8915 composite?
True
Is 139169 prime?
True
Is 81383 a composite number?
True
Is 29647 a prime number?
False
Is 697861 composite?
True
Is 344065 a prime number?
False
Is 67667 a composite number?
True
Is 1423 prime?
True
Is 7081427 prime?
True
Is 1483 composite?
False
Is 247371 prime?
False
Is 2270239 composite?
False
Is 165147 prime?
False
Is 107563 composite?
False
Is 1589 composite?
True
Is 5381 a prime number?
True
Is 441907 composite?
False
Is 342929 composite?
False
Is 543 composite?
True
Is 16495 composite?
True
Is 56593 composite?
True
Is 1498267 composite?
True
Is 2927 a composite number?
False
Is 40063 prime?
True
Is 953671 prime?
True
Is 36607 composite?
False
Is 62039 composite?
False
Is 19541 composite?
False
Is 55985 a composite number?
True
Is 3431083 a composite number?
True
Is 18331 composite?
True
Is 75011 a prime number?
True
Is 68813 a composite number?
False
Is 45283 a prime number?
False
Is 203309 composite?
False
Is 994447 a composite number?
False
Is 71693 a composite number?
False
Is 1403 prime?
False
Is 182939 composite?
True
Is 231269 prime?
True
Is 65137 prime?
False
Is 12106 prime?
False
Is 212369 a composite number?
False
Is 81229 a prime number?
False
Is 1322185 a prime number?
False
Is 97151 prime?
True
Is 23687 composite?
False
Is 676679 composite?
False
Is 107363 a prime number?
False
Is 62537 composite?
True
Is 4034 a prime number?
False
Is 53353 composite?
False
Is 637282 a composite number?
True
Is 6893 a prime number?
False
Is 514603 a composite number?
True
Is 5623 prime?
True
Is 1469 a composite number?
True
Is 388391 a prime number?
True
Is 771 a composite number?
True
Is 5909 a prime number?
False
Is 2779 a composite number?
True
Is 115547 a prime number?
True
Is 35331 composite?
True
Is 85639 a prime number?
True
Is 11579 a prime number?
True
Is 172489 prime?
True
Is 157735 composite?
True
Is 16127 composite?
False
Is 224369 prime?
False
Is 472471 composite?
True
Is 7993 composite?
False
Is 409447 composite?
True
Is 50627 a composite number?
False
Is 26759 prime?
True
Is 52385 prime?
False
Is 235099 a prime number?
True
Is 10369 composite?
False
Is 381791 prime?
True
Is 1618 composite?
True
Is 65743 prime?
False
Is 28349 composite?
False
Is 45743 a prime number?
False
Is 2771 a composite number?
True
Is 28151 a composite number?
False
Is 86501 a prime number?
True
Is 70779 a prime number?
False
Is 73081 a composite number?
True
Is 210361 a prime number?
True
Is 180469 a composite number?
True
Is 178991 composite?
True
Is 6113 a composite number?
False
Is 2813 prime?
False
Is 95741 prime?
False
Is 1055057 a prime number?
True
Is 10223 composite?
False
Is 171499 a composite number?
True
Is 42157 a prime number?
True
Is 277411 a prime number?
True
Is 5105 a prime number?
False
Is 596699 a composite number?
True
Is 1530463 prime?
False
Is 4729 composite?
False
Is 287531 composite?
True
Is 7393 a composite number?
False
Is 555781 a composite number?
True
Is 29947 prime?
True
Is 74297 a prime number?
True
Is 46285 prime?
False
Is 193111 a composite number?
True
Is 14197 a composite number?
False
Is 54829 a prime number?
True
Is 9767 composite?
False
Is 39293 prime?
True
Is 9029 composite?
False
Is 2101 prime?
False
Is 23717 a composite number?
True
Is 14951 a prime number?
True
Is 1868169 a prime number?
False
Is 14489 a prime number?
True
Is 18919 a prime number?
True
Is 819899 a prime number?
True
Is 751261 a composite number?
True
Is 112199 composite?
False
Is 38837 a prime number?
False
Is 1567 prime?
True
Is 4987 a composite number?
False
Is 14143 prime?
True
Is 719471 prime?
False
Is 51277 composite?
True
Is 49237 prime?
False
Is 2039 a prime number?
True
Is 1399 prime?
True
Is 1510907 a composite number?
True
Is 95293 a composite number?
True
Is 104231 composite?
False
Is 947987 prime?
True
Is 1642 prime?
False
Is 954367 a composite number?
False
Is 3821 prime?
True
Is 128717 prime?
True
Is 197917 composite?
True
Is 120671 a composite number?
False
Is 916259 prime?
True
Is 179587 composite?
True
Is 5981 a prime number?
True
Is 509 a prime number?
True
Is 174703 prime?
True
Is 7732123 a composite number?
True
Is 2090698 prime?
False
Is 695737 a prime number?
False
Is 24359 composite?
False
Is 37253 composite?
False
Is 1139509 composite?
True
Is 158513 a composite number?
True
Is 12113 composite?
False
Is 2819 prime?
True
Is 9349 prime?
True
Is 546443 a composite number?
True
Is 2266313 a composite number?
True
Is 41549 composite?
False
Is 2129473 a prime number?
True
Is 843761 composite?
True
Is 9979 composite?
True
Is 20623 composite?
True
Is 31359 composite?
True
Is 311099 composite?
False
Is 51749 composite?
False
Is 38359 a composite number?
True
Is 23447 a prime number?
True
Is 19391 composite?
False
Is 187727 prime?
False
Is 41579 composite?
False
Is 63883 prime?
False
Is 36197 a composite number?
True
Is 552407 a prime number?
False
Is 33407 composite?
True
Is 104147 a prime number?
True
Is 12821 prime?
True
Is 355 composite?
True
Is 60209 a prime number?
True
Is 2536795 a composite number?
True
Is 240979 a prime number?
False
Is 52147 a prime number?
True
Is 9461 a composite number?
False
Is 208523 a prime number?
False
Is 7069 a composite number?
False
Is 292013 a composite number?
True
Is 363409 a prime number?
False
Is 3959 composite?
True
Is 30529 a prime number?
True
Is 13379 a composite number?
True
Is 2819 a composite number?
False
Is 1385369 composite?
False
Is 53917 a prime number?
True
Is 19 composite?
False
Is 12497 prime?
True
Is 104457 a composite number?
True
Is 9661 composite?
False
Is 1610491 prime?
False
Is 168914 a composite number?
True
Is 1764199 a prime number?
True
Is 52583 a composite number?
False
Is 2293 composite?
False
Is 227657 composite?
True
Is 11183 composite?
True
Is 5739 composite?
True
Is 93739 a composite number?
False
Is 134317 a composite number?
True
Is 918073 prime?
False
Is 254671 a prime number?
False
Is 395107 prime?
True
Is 15305 prime?
False
Is 1408217 a composite number?
False
Is 694763 a composite number?
False
Is 4583 a prime number?
True
Is 82019 prime?
False
Is 18701 composite?
False
Is 8081 a prime number?
True
Is 4435 prime?
False
Is 33571 composite?
True
Is 113417 prime?
True
Is 1705661 a prime number?
False
Is 215123 a prime number?
True
Is 5362697 a composite number?
False
Is 1437 a prime number?
False
Is 5411 a prime number?
False
Is 31459 a prime number?
False
Is 8141 composite?
True
Is 87943 composite?
False
Is 3863 a composite number?
False
Is 188351 a prime number?
True
Is 18181 a composite number?
False
Is 182089 a prime number?
True
Is 6121627 a prime number?
True
Is 9901 prime?
True
Is 25211 prime?
False
Is 121273 a prime number?
False
Is 341743 a composite number?
False
Is 167935 a prime number?
False
Is 1754 prime?
False
Is 50419 a composite number?
True
Is 3473 a composite number?
True
Is 749771 prime?
False
Is 251551 a prime number?
False
Is 3011 prime?
True
Is 51257 composite?
False
Is 871553 a composite number?
False
Is 97939 composite?
True
Is 128461 composite?
False
Is 1027679 prime?
True
Is 18119 a composite number?
False
Is 173741 a composite number?
False
Is 368321 prime?
False
Is 1148209 composite?
True
Is 12643 a composite number?
True
Is 1913659 a prime number?
False
Is 1195891 composite?
False
Is 74 a prime number?
False
Is 4751 prime?
True
Is 5497 a prime number?
False
Is 1949 a prime number?
True
Is 514459 a prime number?
False
Is 113891 a prime number?
True
Is 21467 prime?
True
Is 9613 a prime number?
True
Is 1511 composite?
False
Is 446189 prime?
True
Is 365 a prime number?
False
Is 23179 composite?
True
Is 5027 prime?
False
Is 268259 prime?
False
Is 7841 composite?
False
Is 144611 prime?
True
Is 213173 a composite number?
False
Is 258521 composite?
False
Is 43987 prime?
True
Is 7978 a composite number?
True
Is 146719 a compos